{"id":98,"date":"2019-01-23T06:58:50","date_gmt":"2019-01-23T06:58:50","guid":{"rendered":"http:\/\/demo.sparklewpthemes.com\/medicalheed\/?page_id=98"},"modified":"2021-09-13T08:49:16","modified_gmt":"2021-09-13T08:49:16","slug":"maya","status":"publish","type":"page","link":"http:\/\/www.filiptashan.com\/maya\/","title":{"rendered":"G.A."},"content":{"rendered":"\n<p>Yakla\u015f\u0131k 2 y\u0131ld\u0131r \u00e7ocuk sahibi olmak istiyoruz Filip beye de bu sebeple a\u015f\u0131lama tedavimiz i\u00e7in gelmi\u015ftik. Kendisi o kadar pozitif bir doktor ki; s\u00fcreci sizi hi\u00e7 strese sokmadan y\u00fcr\u00fct\u00fcyor. Olumlu konu\u015fmalar\u0131 sayesinde siz de olumlu bakabiliyorsunuz. A\u015f\u0131lama veya t\u00fcp bebek gibi stresli bir s\u00fcre\u00e7te b\u00f6yle pozitif, motive edici yakla\u015f\u0131m\u0131n \u00e7ok \u00f6nemli oldu\u011funu d\u00fc\u015f\u00fcn\u00fcyorum. Sorulan her soruya detayl\u0131 a\u00e7\u0131klamalar yap\u0131yor kafan\u0131zda soru i\u015fareti olmadan odadan ayr\u0131l\u0131yorsunuz. Doktoruma buradan \u00e7ok te\u015fekk\u00fcr ediyorum in\u015fallah en yak\u0131n zamanda olumlu sonu\u00e7lar\u0131m\u0131 da al\u0131r buradan payla\u015f\u0131r\u0131m<\/p>\n","protected":false},"excerpt":{"rendered":"<p>Yakla\u015f\u0131k 2 y\u0131ld\u0131r \u00e7ocuk sahibi olmak istiyoruz Filip beye de bu sebeple a\u015f\u0131lama tedavimiz i\u00e7in gelmi\u015ftik. Kendisi o kadar pozitif bir doktor ki; s\u00fcreci sizi hi\u00e7 strese sokmadan y\u00fcr\u00fct\u00fcyor. Olumlu konu\u015fmalar\u0131 sayesinde siz de olumlu bakabiliyorsunuz. A\u015f\u0131lama veya t\u00fcp bebek gibi stresli bir s\u00fcre\u00e7te b\u00f6yle&hellip;<\/p>\n","protected":false},"author":1,"featured_media":323,"parent":0,"menu_order":0,"comment_status":"closed","ping_status":"closed","template":"","meta":{"footnotes":""},"class_list":["post-98","page","type-page","status-publish","has-post-thumbnail","hentry"],"_links":{"self":[{"href":"http:\/\/www.filiptashan.com\/wp-json\/wp\/v2\/pages\/98","targetHints":{"allow":["GET"]}}],"collection":[{"href":"http:\/\/www.filiptashan.com\/wp-json\/wp\/v2\/pages"}],"about":[{"href":"http:\/\/www.filiptashan.com\/wp-json\/wp\/v2\/types\/page"}],"author":[{"embeddable":true,"href":"http:\/\/www.filiptashan.com\/wp-json\/wp\/v2\/users\/1"}],"replies":[{"embeddable":true,"href":"http:\/\/www.filiptashan.com\/wp-json\/wp\/v2\/comments?post=98"}],"version-history":[{"count":1,"href":"http:\/\/www.filiptashan.com\/wp-json\/wp\/v2\/pages\/98\/revisions"}],"predecessor-version":[{"id":321,"href":"http:\/\/www.filiptashan.com\/wp-json\/wp\/v2\/pages\/98\/revisions\/321"}],"wp:featuredmedia":[{"embeddable":true,"href":"http:\/\/www.filiptashan.com\/wp-json\/wp\/v2\/media\/323"}],"wp:attachment":[{"href":"http:\/\/www.filiptashan.com\/wp-json\/wp\/v2\/media?parent=98"}],"curies":[{"name":"wp","href":"https:\/\/api.w.org\/{rel}","templated":true}]}}