{"id":54,"date":"2019-01-23T05:39:03","date_gmt":"2019-01-23T05:39:03","guid":{"rendered":"http:\/\/demo.sparklewpthemes.com\/medicalheed\/?page_id=54"},"modified":"2023-06-19T01:55:25","modified_gmt":"2023-06-19T01:55:25","slug":"hizmetlerimiz","status":"publish","type":"page","link":"http:\/\/www.filiptashan.com\/hizmetlerimiz\/","title":{"rendered":"Hizmetlerimiz"},"content":{"rendered":"\t\t<div data-elementor-type=\"wp-page\" data-elementor-id=\"54\" class=\"elementor elementor-54\" data-elementor-settings=\"[]\">\n\t\t\t\t\t\t\t<div class=\"elementor-section-wrap\">\n\t\t\t\t\t\t\t<section class=\"elementor-section elementor-top-section elementor-element elementor-element-778060fe elementor-section-boxed elementor-section-height-default elementor-section-height-default\" data-id=\"778060fe\" data-element_type=\"section\">\n\t\t\t\t\t\t<div class=\"elementor-container elementor-column-gap-default\">\n\t\t\t\t\t<div class=\"elementor-column elementor-col-100 elementor-top-column elementor-element elementor-element-1279885a\" data-id=\"1279885a\" data-element_type=\"column\">\n\t\t\t<div class=\"elementor-widget-wrap elementor-element-populated\">\n\t\t\t\t\t\t\t\t<div class=\"elementor-element elementor-element-6c20b406 elementor-widget elementor-widget-text-editor\" data-id=\"6c20b406\" data-element_type=\"widget\" data-widget_type=\"text-editor.default\">\n\t\t\t\t<div class=\"elementor-widget-container\">\n\t\t\t\t\t\t\t<!-- wp:list -->\n<ul><li>Jinekolojik Muayene<\/li><li>Ultrasonografi<\/li><li>Gebelik Takibi &amp; Do\u011fum<\/li><li>T\u00fcp Bebek Tedavisi<\/li><li>Yumurta Dondurma<\/li><li>Smear &amp; Serviko Vajinal K\u00fclt\u00fcr<\/li><li>HPV Tarama ve Tiplemesi<\/li><li>Leep, Konizasyon<\/li><li>Servikal ve Endometrial Biyopsi<\/li><li>Servikal Koterizasyon<\/li><li>Jinekolojik Operasyonlar<\/li><li>Over Kisti<\/li><li>Myomektomi<\/li><li>Histeroktomi<\/li><li>Laparoskopi<\/li><li>Histeroskopi<\/li><\/ul>\n<!-- \/wp:list -->\n\n<!-- wp:paragraph -->\n<p>&#8212;&#8212;&#8212;&#8212;&#8212;&#8212;&#8212;&#8212;&#8212;&#8212;&#8212;&#8212;&#8212;&#8212;&#8212;&#8212;&#8212;&#8212;&#8212;&#8212;&#8212;&#8212;&#8212;&#8212;&#8212;&#8212;&#8212;&#8212;&#8212;&#8212;&#8212;&#8212;&#8212;&#8212;&#8212;&#8212;&#8212;&#8212;&#8212;&#8212;&#8212;-<\/p>\n<!-- \/wp:paragraph -->\n\n<!-- wp:paragraph -->\n<p>Op.Dr.Filip Ta\u015fhan Muayenehanesi &#8211; Ma\u00e7ka No : 1 &#8211; Harbiye Mah. Ma\u00e7ka Cd. Feza Apt. No:1 Kat:4 \u015ei\u015fli \/ \u0130stanbul \u260e&nbsp;0 532 059 04 89<br>\u260e 0 212 259 75 76<br>\ud83d\udce7&nbsp;tashanfilip@gmail.com<\/p>\n<!-- \/wp:paragraph -->\n\n<!-- wp:paragraph -->\n<p>WhatsApp ;&nbsp;&nbsp;0 532 059 04 89<\/p>\n<!-- \/wp:paragraph -->\t\t\t\t\t\t<\/div>\n\t\t\t\t<\/div>\n\t\t\t\t\t<\/div>\n\t\t<\/div>\n\t\t\t\t\t\t\t<\/div>\n\t\t<\/section>\n\t\t\t\t<section class=\"elementor-section elementor-top-section elementor-element elementor-element-256efd9 elementor-section-boxed elementor-section-height-default elementor-section-height-default\" data-id=\"256efd9\" data-element_type=\"section\">\n\t\t\t\t\t\t<div class=\"elementor-container elementor-column-gap-default\">\n\t\t\t\t\t<div class=\"elementor-column elementor-col-100 elementor-top-column elementor-element elementor-element-d12dace\" data-id=\"d12dace\" data-element_type=\"column\">\n\t\t\t<div class=\"elementor-widget-wrap elementor-element-populated\">\n\t\t\t\t\t\t\t\t<div class=\"elementor-element elementor-element-e31bc82 elementor-widget elementor-widget-image\" data-id=\"e31bc82\" data-element_type=\"widget\" data-widget_type=\"image.default\">\n\t\t\t\t<div class=\"elementor-widget-container\">\n\t\t\t\t\t\t\t\t\t\t\t\t\t\t\t<img loading=\"lazy\" decoding=\"async\" width=\"640\" height=\"237\" src=\"http:\/\/www.filiptashan.com\/wp-content\/uploads\/2023\/06\/iletisim-gorsel-1-1024x379-1.jpg\" class=\"attachment-large size-large\" alt=\"\" srcset=\"http:\/\/www.filiptashan.com\/wp-content\/uploads\/2023\/06\/iletisim-gorsel-1-1024x379-1.jpg 1024w, http:\/\/www.filiptashan.com\/wp-content\/uploads\/2023\/06\/iletisim-gorsel-1-1024x379-1-300x111.jpg 300w, http:\/\/www.filiptashan.com\/wp-content\/uploads\/2023\/06\/iletisim-gorsel-1-1024x379-1-768x284.jpg 768w, http:\/\/www.filiptashan.com\/wp-content\/uploads\/2023\/06\/iletisim-gorsel-1-1024x379-1-600x222.jpg 600w\" sizes=\"auto, (max-width: 640px) 100vw, 640px\" \/>\t\t\t\t\t\t\t\t\t\t\t\t\t\t\t<\/div>\n\t\t\t\t<\/div>\n\t\t\t\t\t<\/div>\n\t\t<\/div>\n\t\t\t\t\t\t\t<\/div>\n\t\t<\/section>\n\t\t\t\t\t\t<\/div>\n\t\t\t\t\t<\/div>\n\t\t","protected":false},"excerpt":{"rendered":"<p>Jinekolojik Muayene Ultrasonografi Gebelik Takibi &amp; Do\u011fum T\u00fcp Bebek Tedavisi Yumurta Dondurma Smear &amp; Serviko Vajinal K\u00fclt\u00fcr HPV Tarama ve Tiplemesi Leep, Konizasyon Servikal ve Endometrial Biyopsi Servikal Koterizasyon Jinekolojik Operasyonlar Over Kisti Myomektomi Histeroktomi Laparoskopi Histeroskopi &#8212;&#8212;&#8212;&#8212;&#8212;&#8212;&#8212;&#8212;&#8212;&#8212;&#8212;&#8212;&#8212;&#8212;&#8212;&#8212;&#8212;&#8212;&#8212;&#8212;&#8212;&#8212;&#8212;&#8212;&#8212;&#8212;&#8212;&#8212;&#8212;&#8212;&#8212;&#8212;&#8212;&#8212;&#8212;&#8212;&#8212;&#8212;&#8212;&#8212;&#8212;- Op.Dr.Filip Ta\u015fhan Muayenehanesi &#8211; Ma\u00e7ka No :&hellip;<\/p>\n","protected":false},"author":1,"featured_media":282,"parent":0,"menu_order":0,"comment_status":"closed","ping_status":"closed","template":"","meta":{"footnotes":""},"class_list":["post-54","page","type-page","status-publish","has-post-thumbnail","hentry"],"_links":{"self":[{"href":"http:\/\/www.filiptashan.com\/wp-json\/wp\/v2\/pages\/54","targetHints":{"allow":["GET"]}}],"collection":[{"href":"http:\/\/www.filiptashan.com\/wp-json\/wp\/v2\/pages"}],"about":[{"href":"http:\/\/www.filiptashan.com\/wp-json\/wp\/v2\/types\/page"}],"author":[{"embeddable":true,"href":"http:\/\/www.filiptashan.com\/wp-json\/wp\/v2\/users\/1"}],"replies":[{"embeddable":true,"href":"http:\/\/www.filiptashan.com\/wp-json\/wp\/v2\/comments?post=54"}],"version-history":[{"count":8,"href":"http:\/\/www.filiptashan.com\/wp-json\/wp\/v2\/pages\/54\/revisions"}],"predecessor-version":[{"id":1179,"href":"http:\/\/www.filiptashan.com\/wp-json\/wp\/v2\/pages\/54\/revisions\/1179"}],"wp:featuredmedia":[{"embeddable":true,"href":"http:\/\/www.filiptashan.com\/wp-json\/wp\/v2\/media\/282"}],"wp:attachment":[{"href":"http:\/\/www.filiptashan.com\/wp-json\/wp\/v2\/media?parent=54"}],"curies":[{"name":"wp","href":"https:\/\/api.w.org\/{rel}","templated":true}]}}